base 16) in base 8?
-5
What is 0 (base 14) in base 15?
0
-13 (base 12) to base 13
-12
Convert -2 (base 6) to base 4.
-2
-1 (base 15) to base 10
-1
Convert -166 (base 11) to base 14.
-db
6 (base 9) to base 16
6
-2211 (base 3) to base 10
-76
-338 (base 9) to base 8
-426
What is 2a (base 13) in base 8?
44
-2212 (base 4) to base 12
-11a
-13 (base 4) to base 16
-7
What is -4 (base 12) in base 9?
-4
-1 (base 6) to base 16
-1
Convert 10 (base 6) to base 5.
11
2 (base 13) to base 15
2
Convert -4 (base 8) to base 2.
-100
What is -5 (base 16) in base 15?
-5
1 (base 14) to base 11
1
Convert -1 (base 15) to base 2.
-1
-2 (base 7) to base 8
-2
0 (base 11) to base 6
0
What is 6 (base 8) in base 14?
6
Convert -33 (base 14) to base 3.
-1200
426 (base 8) to base 14
15c
What is 632 (base 7) in base 10?
317
What is -21 (base 8) in base 3?
-122
-11 (base 7) to base 8
-10
Convert -23 (base 9) to base 8.
-25
Convert -18 (base 11) to base 6.
-31
-2 (base 6) to base 15
-2
What is 0 (base 8) in base 12?
0
What is -3 (base 10) in base 16?
-3
What is -20 (base 4) in base 6?
-12
Convert -66 (base 9) to base 13.
-48
-354 (base 6) to base 14
-a2
What is 232 (base 5) in base 8?
103
Convert 3 (base 6) to base 8.
3
-13 (base 12) to base 14
-11
-2 (base 7) to base 5
-2
Convert -4 (base 10) to base 14.
-4
What is -55 (base 6) in base 12?
-2b
-1 (base 10) to base 11
-1
-107 (base 8) to base 4
-1013
121 (base 3) to base 4
100
What is 112 (base 3) in base 13?
11
-2 (base 8) to base 9
-2
Convert a (base 16) to base 12.
a
-3b (base 13) to base 9
-55
Convert 0 (base 7) to base 11.
0
Convert 100211 (base 3) to base 8.
411
Convert -304 (base 9) to base 7.
-502
What is -230 (base 5) in base 6?
-145
What is -6 (base 7) in base 14?
-6
What is 322 (base 4) in base 14?
42
0 (base 7) to base 6
0
-10002 (base 3) to base 15
-58
Convert -105 (base 9) to base 11.
-79
16 (base 11) to base 15
12
e (base 16) to base 10
14
What is -3 (base 16) in base 6?
-3
What is -6 (base 8) in base 15?
-6
1 (base 7) to base 9
1
What is -89 (base 16) in base 5?
-1022
Convert -2 (base 4) to base 5.
-2
Convert -10 (base 2) to base 13.
-2
What is 0 (base 12) in base 4?
0
0 (base 15) to base 12
0
What is -21 (base 10) in base 5?
-41
What is 35 (base 6) in base 3?
212
What is 46 (base 11) in base 7?
101
What is 3 (base 13) in base 6?
3
Convert -2 (base 7) to base 5.
-2
Convert 127 (base 9) to base 14.
78
-1 (base 7) to base 11
-1
What is -312 (base 5) in base 14?
-5c
Convert d (base 14) to base 10.
13
What is 1 (base 15) in base 9?
1
What is 61 (base 16) in base 11?
89
Convert -5 (base 7) to base 13.
-5
-3 (base 5) to base 8
-3
Convert 1 (base 7) to base 8.
1
Convert -8a (base 15) to base 12.
-aa
-2 (base 11) to base 6
-2
What is 1 (base 3) in base 13?
1
Convert 5 (base 11) to base 6.
5
Convert 6 (base 11) to base 16.
6
Convert -1 (base 10) to base 6.
-1
0 (base 16) to base 7
0
Convert -4 (base 8) to base 15.
-4
Convert -3 (base 14) to base 13.
-3
What is 3 (base 8) in base 9?
3
33 (base 5) to base 12
16
Convert 55 (base 12) to base 15.
45
Convert -2 (base 9) to base 14.
-2
Convert -4 (base 12) to base 10.
-4
Convert -111 (base 6) to base 10.
-43
What is 4 (base 9) in base 15?
4
What is -2020 (base 3) in base 7?
-114
-32 (base 15) to base 3
-1202
Convert -54 (base 6) to base 7.
-46
-3313 (base 4) to base 2
-11110111
Convert 29 (base 11) to base 15.
21
1000 (base 2) to base 9
8
What is 182 (base 12) in base 8?
362
Convert -201 (base 3) to base 13.
-16
What is -69 (base 10) in base 9?
-76
Convert 4 (base 16) to base 3.
11
Convert 201 (base 3) to base 16.
13
What is -9 (base 15) in base 12?
-9
Convert 1000 (base 2) to base 4.
20
What is -463 (base 9) in base 11?
-317
What is -101 (base 2) in base 5?
-10
Convert -320 (base 4) to base 7.
-110
What is 5 (base 16) in base 11?
5
17 (base 10) to base 9
18
What is -40 (base 8) in base 5?
-112
Convert -15 (base 6) to base 7.
-14
-1 (base 12) to base 6
-1
2 (base 6) to base 4
2
What is -2 (base 10) in base 13?
-2
2 (base 11) to base 4
2
-1021 (base 3) to base 14
-26
-11 (base 7) to base 13
-8
3 (base 4) to base 10
3
17 (base 10) to base 12
15
Convert 211 (base 4) to base 10.
37
Convert -54 (base 9) to base 10.
-49
-4 (base 8) to base 7
-4
What is -100 (base 3) in base 4?
-21
Convert -2200 (base 3) to base 15.
-4c
Convert 218 (base 10) to base 2.
11011010
What is 3 (base 6) in base 11?
3
What is 6c (base 13) in base 4?
1122
Convert 19 (base 14) to base 12.
1b
-12 (base 4) to base 13
-6
Convert -11112 (base 3) to base 14.
-8a
What is -1 (base 10) in base 2?
-1
What is 2 (base 6) in base 5?
2
What is -4 (base 11) in base 8?
-4
-445 (base 6) to base 8
-255
What is -541 (base 6) in base 10?
-205
5 (base 6) to base 15
5
Convert -1b (base 15) to base 5.
-101
What is 117 (base 8) in base 15?
54
What is -a (base 13) in base 11?
-a
What is 222 (base 4) in base 15?
2c
What is -5 (base 13) in base 6?
-5
-11 (base 8) to base 9
-10
Convert 73 (base 12) to base 10.
87
-51 (base 8) to base 9
-45
Convert -10011 (base 2) to base 13.
-16
What is -12 (base 7) in base 5?
-14
What is 9 (base 16) in base 12?
9
Convert 0 (base 6) to base 2.
0
What is -200 (base 3) in base 15?
-13
What is 2 (base 13) in base 7?
2
What is 100100 (base 2) in base 8?
44
-b7 (base 14) to base 3
-12222
0 (base 15) to base 16
0
Convert 6 (base 11) to base 13.
6
Convert 111 (base 3) to base 13.
10
Convert -15 (base 9) to base 4.
-32
Convert -3 (base 10) to base 3.
-10
Convert -220 (base 3) to base 15.
-19
-333 (base 11) to base 5
-3044
What is 217 (base 11) in base 7?
521
What is -41 (base 10) in base 5?
-131
Convert -100001011 (base 2) to base 7.
-531
54 (base 6) to base 10
34
Convert 1000 (base 3) to base 9.
30
-13 (base 4) to base 10
-7
Convert -11 (base 3) to base 4.
-10
What is -12 (base 16) in base 8?
-22
What is -5 (base 14) in base 5?
-10
2 (base 10) to base 12
2
Convert 443 (base 5) to base 9.
146
What is 0 (base 6) in base 10?
0
Convert 10 (base 2) to base 8.
2
Convert 4 (base 13) to base 9.
4
Convert -6 (base 11) to base 14.
-6
a (base 14) to base 5
20
Convert 15 (base 8) to base 9.
14
23 (base 13) to base 2
11101
6 (base 13) to base 2
110
What is -1 (base 5) in base 8?
-1
What is 1 (base 14) in base 12?
1
What is -a2 (base 14) in base 2?
-10001110
-2 (base 15) to base 4
-2
324 (base 5) to base 4
1121
What is 32 (base 8) in base 6?
42
Convert 2 (base 10) to base 9.
2
Convert -4 (base 9) to base 8.
-4
-1 (base 4) to base 7
-1
Convert 21 (base 6) to base 8.
15
-10 (base 4) to base 15
-4
3 (base 13) to base 4
3
What is -3 (base 10) in base 3?
-10
Convert -34 (base 12) to base 11.
-37
Convert 1123 (base 4) to base 2.
1011011
2 (base 16) to base 6
2
Convert -56 (base 10) to base 5.
-211
What is a9 (base 13) in base 2?
10001011
-28 (base 13) to base 16
-22
9 (base 11) to base 3
100
Convert -88 (base 13) to base 16.
-70
What is 252 (base 9) in base 10?
209
-6 (base 7) to base 15
-6
115 (base 10) to base 5
430
Convert 0 (base 12) to base 2.
0
-4 (base 13) to base 7
-4
-33 (base 4) to base 13
-12
What is -2 (base 7) in base 13?
-2
Convert 87 (base 15) to base 9.
151
Convert -1221 (base 3) to base 16.
-34
-3 (base 10) to base 7
-3
Convert 6 (base 12) to base 9.
6
Convert -11 (base 5) to base 3.
-20
What is -101 (base 6) in base 11?
-34
20 (base 3) to base 14
6
What is 17 (base 8) in base 3?
120
Convert 22 (base 6) to base 5.
24
Convert -10200 (base 3) to base 15.
-69
Convert -15 (base 8) to base 12.
-11
What is 8 (base 12) in base 4?
20
Convert 3 (base 9) to base 2.
11
Convert 249 (base 10) to base 6.
1053
-21 (base 5) to base 11
-10
3 (base 12) to base 16
3
Convert -1221 (base 3) to base 13.
-40
24 (base 6) to base 9
17
What is 6 (base 10) in base 2?
110
-2 (base 8) to base 11
-2
What is -3 (base 10) in base 6?
-3
What is -19 (base 10) in base 9?
-21
Convert 17 (base 11) to base 8.
22
What is -34 (base 8) in base 16?
-1c
-3 (base 14) to base 11
-3
-3 (base 11) to base 16
-3
What is 11 (base 8) in base 15?
9
-201 (base 4) to base 10
-33
Convert -9 (base 16) to base 5.
-14
2 (base 13) to base 9
2
2201 (base 3) to base 6
201
What is 36 (base 9) in base 12?
29
Convert -1 (base 4) to base 13.
-1
Convert -11100 (base 2) to base 11.
-26
54 (base 15) to base 7
142
What is c (base 16) in base 2?
1100
What is -101 (base 4) in base 